e prime factors of 850664.
2, 113, 941
What are the prime factors of 12197492?
2, 241, 12653
List the prime factors of 3026914.
2, 11, 137587
What are the prime factors of 2161662?
2, 3, 360277
List the prime factors of 10349461.
10349461
What are the prime factors of 500977?
500977
List the prime factors of 720109.
13, 4261
List the prime factors of 7139869.
11, 649079
List the prime factors of 160754.
2, 11, 7307
List the prime factors of 7130994.
2, 3, 13, 91423
List the prime factors of 236559.
3, 78853
What are the prime factors of 35664268?
2, 8916067
List the prime factors of 298631.
298631
List the prime factors of 128753.
199, 647
List the prime factors of 3155776.
2, 13, 3793
What are the prime factors of 3394419?
3, 7, 161639
List the prime factors of 11261261.
11, 1023751
What are the prime factors of 94370?
2, 5, 9437
List the prime factors of 1635995.
5, 17, 19, 1013
List the prime factors of 216691.
337, 643
List the prime factors of 186084.
2, 3, 1723
What are the prime factors of 14865438?
2, 3, 7, 353939
What are the prime factors of 96620?
2, 5, 4831
List the prime factors of 4247305.
5, 849461
List the prime factors of 686441.
7, 14009
List the prime factors of 8997940.
2, 5, 7, 64271
What are the prime factors of 476?
2, 7, 17
List the prime factors of 362566.
2, 181283
List the prime factors of 674474.
2, 563, 599
What are the prime factors of 1000018?
2, 500009
List the prime factors of 267155.
5, 7, 17, 449
What are the prime factors of 3968414?
2, 227, 8741
List the prime factors of 216483.
3, 72161
List the prime factors of 23362959.
3, 2459, 3167
List the prime factors of 137049.
3, 11, 4153
What are the prime factors of 7445783?
541, 13763
What are the prime factors of 830855?
5, 107, 1553
List the prime factors of 2138210.
2, 5, 213821
What are the prime factors of 287011?
17, 16883
What are the prime factors of 720070?
2, 5, 13, 29, 191
List the prime factors of 863366.
2, 7, 83, 743
What are the prime factors of 271389?
3, 61, 1483
List the prime factors of 4661171.
461, 10111
What are the prime factors of 250992?
2, 3, 7, 83
What are the prime factors of 275566?
2, 211, 653
What are the prime factors of 190126?
2, 95063
List the prime factors of 283046.
2, 97, 1459
List the prime factors of 3215326.
2, 1607663
What are the prime factors of 126048?
2, 3, 13, 101
What are the prime factors of 442096?
2, 27631
What are the prime factors of 7557850?
2, 5, 151157
List the prime factors of 4344426.
2, 3, 19, 12703
What are the prime factors of 221870?
2, 5, 11, 2017
What are the prime factors of 518930?
2, 5, 51893
List the prime factors of 439673.
13, 31, 1091
List the prime factors of 6229826.
2, 23, 135431
What are the prime factors of 269323?
29, 37, 251
What are the prime factors of 6993307?
17, 411371
What are the prime factors of 17532410?
2, 5, 7, 47, 73
List the prime factors of 571681.
11, 51971
What are the prime factors of 843238?
2, 11, 38329
What are the prime factors of 587619?
3, 109, 599
List the prime factors of 2689870.
2, 5, 31, 8677
What are the prime factors of 8270047?
8270047
What are the prime factors of 25750545?
3, 5, 1716703
List the prime factors of 696734.
2, 348367
What are the prime factors of 2234893?
163, 13711
What are the prime factors of 58696?
2, 11, 23, 29
What are the prime factors of 8157317?
7, 67, 17393
What are the prime factors of 2988807?
3, 79, 12611
What are the prime factors of 14048?
2, 439
List the prime factors of 2124362.
2, 257, 4133
List the prime factors of 2278305.
3, 5, 197, 257
List the prime factors of 1181942.
2, 17, 34763
List the prime factors of 55522.
2, 17, 23, 71
What are the prime factors of 1683472?
2, 7, 15031
What are the prime factors of 1021898?
2, 89, 5741
List the prime factors of 2062865.
5, 7, 17, 3467
List the prime factors of 1411605.
3, 5, 13, 19, 127
What are the prime factors of 1056901?
269, 3929
What are the prime factors of 1457764?
2, 7, 11, 4733
What are the prime factors of 20948451?
3, 6982817
List the prime factors of 4853499.
3, 7, 137, 241
What are the prime factors of 809317?
31, 26107
What are the prime factors of 30021?
3, 10007
List the prime factors of 89557.
13, 83
What are the prime factors of 25926309?
3, 17, 41, 4133
List the prime factors of 1584184.
2, 7, 28289
What are the prime factors of 14511170?
2, 5, 109, 13313
What are the prime factors of 1512168?
2, 3, 7, 9001
List the prime factors of 2767715.
5, 553543
What are the prime factors of 4058231?
29, 139939
What are the prime factors of 2409163?
2409163
What are the prime factors of 210631?
210631
What are the prime factors of 473914?
2, 7, 33851
What are the prime factors of 2112183?
3, 78229
What are the prime factors of 300614?
2, 29, 71, 73
List the prime factors of 6541554.
2, 3, 47, 23197
List the prime factors of 2016493.
2016493
List the prime factors of 2754324.
2, 3, 8501
List the prime factors of 126921.
3, 42307
What are the prime factors of 361053?
3, 7, 11, 521
What are the prime factors of 99027?
3, 11003
What are the prime factors of 109024?
2, 3407
What are the prime factors of 1217426?
2, 7, 86959
List the prime factors of 295638.
2, 3, 7, 7039
What are the prime factors of 141087?
3, 131, 359
List the prime factors of 2854014.
2, 3, 475669
What are the prime factors of 101545?
5, 23, 883
List the prime factors of 10403218.
2, 7, 17, 43711
List the prime factors of 2432156.
2, 17, 47, 761
What are the prime factors of 3919661?
139, 163, 173
List the prime factors of 2267144.
2, 11, 25763
What are the prime factors of 183839?
23, 7993
What are the prime factors of 730238?
2, 365119
List the prime factors of 692858.
2, 346429
List the prime factors of 6554387.
7, 97, 197
What are the prime factors of 4834305?
3, 5, 7, 103, 149
What are the prime factors of 4736038?
2, 613, 3863
What are the prime factors of 106440?
2, 3, 5, 887
What are the prime factors of 582213?
3, 194071
List the prime factors of 102070.
2, 5, 59, 173
What are the prime factors of 23858594?
2, 113, 229, 461
What are the prime factors of 273294?
2, 3, 7, 241
What are the prime factors of 10691906?
2, 5345953
What are the prime factors of 19897547?
1487, 13381
What are the prime factors of 13260474?
2, 3, 229, 3217
List the prime factors of 521373.
3, 17, 10223
List the prime factors of 8398602.
2, 3, 61, 7649
List the prime factors of 326339.
13, 1931
What are the prime factors of 1513105?
5, 11, 41, 61
What are the prime factors of 3759678?
2, 3, 13, 16067
What are the prime factors of 4637?
4637
List the prime factors of 2554772.
2, 11, 31, 1873
List the prime factors of 938404.
2, 379, 619
What are the prime factors of 334357?
257, 1301
What are the prime factors of 488619?
3, 18097
List the prime factors of 102692.
2, 25673
What are the prime factors of 10364891?
1103, 9397
What are the prime factors of 2047488?
2, 3, 31, 43
List the prime factors of 25355868.
2, 3, 2112989
List the prime factors of 2190082.
2, 137, 7993
List the prime factors of 76088.
2, 9511
List the prime factors of 7650315.
3, 5, 61, 929
List the prime factors of 3846852.
2, 3, 31, 383
What are the prime factors of 1827163?
13, 140551
List the prime factors of 2473443.
3, 7, 23, 569
List the prime factors of 2131924.
2, 532981
List the prime factors of 1568730.
2, 3, 5, 52291
List the prime factors of 75672.
2, 3, 1051
What are the prime factors of 4590700?
2, 5, 29, 1583
What are the prime factors of 2759137?
2759137
List the prime factors of 5677020.
2, 3, 5, 10513
List the prime factors of 671359.
13, 43, 1201
List the prime factors of 189466.
2, 61, 1553
List the prime factors of 1396902.
2, 3, 13, 17909
List the prime factors of 957208.
2, 7, 17093
List the prime factors of 16412811.
3, 29, 188653
List the prime factors of 2473383.
3, 11, 241, 311
List the prime factors of 1384870.
2, 5, 79, 1753
List the prime factors of 4191347.
311, 13477
List the prime factors of 4277158.
2, 461, 4639
What are the prime factors of 16781054?
2, 37, 41, 5531
List the prime factors of 529606.
2, 7, 11, 19, 181
What are the prime factors of 404781?
3, 13, 97, 107
List the prime factors of 1726172.
2, 7, 8807
List the prime factors of 11695817.
7, 1670831
What are the prime factors of 3058678?
2, 7, 23, 59
Li